ime factors of u?
2, 3, 5
Suppose 10 = -2*t, -s + 0*t + 13 = -2*t. Suppose 8*l - s*l - 20 = 0. What are the prime factors of l?
2
Suppose -o + 2*b = 2 + 4, -18 = 3*o + 3*b. Let v be (4/o)/(4/(-48)). Suppose 0*h + v = h. What are the prime factors of h?
2
Let y = 23 - 12. What are the prime factors of y?
11
Suppose 3*n - 35 = 73. What are the prime factors of n?
2, 3
Let i be (-1)/((-33)/15 + 2). Suppose -4*w = 5*z + 2 - i, 2*w - 6 = -4*z. List the prime factors of z.
3
Let s be (3 - 3 - 0)/(-1). Let b = 38 - s. What are the prime factors of b?
2, 19
Let t = 181 + -124. Let x = t + -32. List the prime factors of x.
5
Let m(k) be the second derivative of k**4/3 - k**3/6 + k**2 - k. Let j(i) be the first derivative of m(i). List the prime factors of j(1).
7
Let l(k) = -k**3 - 5*k**2 - 5*k + 1. Let p be l(-4). Suppose -p*v = -2*h + 17, 4*v - 8 - 4 = 0. What are the prime factors of h?
2
Let y = 19 + -13. List the prime factors of y.
2, 3
Let v(s) = s + 1. Let q be v(2). Suppose -q*l + 6 = 3*t, 0 = 3*l - 2*l + 5. Suppose 0 = z - t. List the prime factors of z.
7
Let y(i) = -5 + 5*i - i - 3*i + 12. List the prime factors of y(-5).
2
Let k be (-6)/12 - 9/(-2). Suppose -d + 0*d - 8 = -b, k*b - 59 = -5*d. List the prime factors of b.
11
Let x = -59 + 87. Suppose 4*v - x - 12 = 0. List the prime factors of 3/(3 + 0)*v.
2, 5
Suppose 6*l = l + 20. Suppose 4*p = 0, 5*g - 50 = p + l*p. List the prime factors of g.
2, 5
List the prime factors of 1*12 + 8/8.
13
Let o(x) = -x**2 + 10*x + 3. What are the prime factors of o(8)?
19
Let p = 52 + -76. List the prime factors of (-2)/(-8) + (-498)/p.
3, 7
Suppose -3*p + 8*p - 130 = 0. Suppose 3*t = 2*o + 14, 0 = 5*t + o - 16 - 3. Suppose -t*b + 6 = -p. What are the prime factors of b?
2
Let m = -225 - -108. List the prime factors of (2/2)/((-3)/m).
3, 13
Let w = 0 + 2. What are the prime factors of 2/(w - (-108)/(-56))?
2, 7
Suppose -y - 3*y = 3*f - 5, 2*y + 4*f = -10. List the prime factors of y.
5
Suppose -4*x + 2*x + 3*a = -19, a + 1 = -2*x. List the prime factors of (-2)/(-5)*40/x.
2
Let h(l) = l**3 + 5*l**2 + 3*l + 3. Let t(m) = -m**2 + 3*m. Let q be t(3). Suppose q = 5*x - b + 7 + 10, 3*x - 2*b + 13 = 0. What are the prime factors of h(x)?
2, 3
Suppose -2*l - 3*b = -24, 0*b + b + 34 = 4*l. Suppose 3*m = 2*v + l + 23, -m + 5*v - 11 = 0. What are the prime factors of m?
2, 7
Let r(z) be the second derivative of z**5/20 + z**4/2 - z**3 + 5*z**2 + 3*z. Let l be r(-7). What are the prime factors of 34/(-4)*(l - 5)?
17
Let t be (1 - 4)*14/6. Let a = t - -11. List the prime factors of a.
2
Let a(t) = t**3 - t + 2. Let v be a(0). Suppose -2*f = v*d - 4, f = -2*d - d + 10. Suppose -d*x - x = -40. What are the prime factors of x?
2
Suppose -95 = 4*l - 3*u - 658, -3*l - 3*u = -396. List the prime factors of l.
137
Let w(y) = -9*y + 2. What are the prime factors of w(-1)?
11
Suppose 7*p - 2*p = 5*s + 10, 0 = 3*s - 4*p + 11. Let d = s - 0. List the prime factors of d.
3
Suppose 6 = v - 11. What are the prime factors of v?
17
Let y = -34 - -49. Let c = 1 + y. What are the prime factors of c?
2
Suppose 0*b = i - 3*b + 9, 1 = -i - 5*b. Suppose q = -0 - 2. List the prime factors of i*(q - 15/(-9)).
2
Suppose -d = 2 - 5. Suppose 0 = -5*n - d*c + 100, n - 2*c + c = 12. List the prime factors of n.
17
Suppose -b - 2*b + 18 = 0. Suppose 4*d = b + 2. Suppose 0 = r + 4*y + 3, 0 = 4*r - 0*y - d*y - 78. What are the prime factors of r?
17
Suppose 12*f - 7*f = 700. Suppose 46 = 4*m - 2*m - 5*s, -4*m = 2*s - f. List the prime factors of m.
3, 11
Let w be (1 + -13)*(-5)/10. Suppose 5*n = w*n - 5. What are the prime factors of n?
5
Let h(d) = -2*d**3 + d + 1. Let n be h(-1). What are the prime factors of (84/8 - n)*2?
17
Let i be (1 + 23)/(((-9)/(-6))/1). Suppose -2*c + 0 - 8 = 0. Let u = i + c. List the prime factors of u.
2, 3
Let d(g) = -g**2 + 33*g - 65. What are the prime factors of d(28)?
3, 5
Suppose 2*o - 50 = 7*o. Let m(f) = f**2 + 9*f + 1. List the prime factors of m(o).
11
Let d = -19 - -10. Let f = 2 - d. What are the prime factors of f?
11
Let v = -29 + 73. List the prime factors of v.
2, 11
Let z(a) = -5*a - 4. Let c(p) = -p**3 - 4. Let j be c(0). Let o = -7 - j. What are the prime factors of z(o)?
11
Let s(q) = -9*q + 17. What are the prime factors of s(-7)?
2, 5
Let o be ((-6)/1)/(7 + -9). Suppose 2*g + 0*g = -4*r, -5*r = 2*g + 1. Let v = r + o. List the prime factors of v.
2
Let l(h) = h**2 - 2*h - 3. Suppose s = -5*n - 5, 2*s + 2*n - 3 - 3 = 0. Suppose 0 = -5*z + 5*o - 35, -2*o + 0*o - 7 = s*z. What are the prime factors of l(z)?
2, 3
Let p be (16/24)/((-4)/6). Let j(k) = -103*k + 1. Let l be j(p). List the prime factors of (-4)/10 - l/(-10).
2, 5
Let y be ((-3)/2)/(4/(-56)). Suppose 4*k + 15 = -3*m, 5*k = -y + 6. Let f = m + 5. What are the prime factors of f?
2
Let s be (4/10)/((-2)/(-20)). Suppose 5*w + 84 = t + 29, -15 = s*w + 5*t. Let j = w + 16. List the prime factors of j.
2, 3
Suppose -3*w - 128 = 4*v, 3*v = 7*v - 3*w + 152. Let o = -2 - v. List the prime factors of o.
3, 11
Suppose 0*v + v = 129. What are the prime factors of v?
3, 43
Suppose -26 = -3*t + k, 0*k + 25 = -5*k. Let g = -4 + t. List the prime factors of g.
3
Let w(r) = -r - 1. Let g = 18 + -11. Let d be w(g). Let m = 1 - d. List the prime factors of m.
3
Let t = 28 - 19. What are the prime factors of t?
3
Suppose -s + 0*s + 42 = 0. Suppose 0 = 3*q + 2*q + n + 40, -5*q + 5*n - 70 = 0. What are the prime factors of (s/q + 2)*-6?
2
Suppose -2*z = -d - 1 + 2, -3*d - 3*z + 12 = 0. Suppose -k - 2*k + d = 0. List the prime factors of 7*k - (3 - 1).
5
Let a = 617 - 335. What are the prime factors of a?
2, 3, 47
Suppose 3*a + 15 = 2*b, 0*a + 2*a - 55 = -3*b. Suppose 33 = 2*c - b. List the prime factors of c.
2, 3
Let o = 14 - 10. Let v(d) = d**3 - 3*d**2 + 6*d - 6. Let r be v(o). What are the prime factors of (r/3)/(10/15)?
17
Let c(h) = h**2 + 7*h + 4. Let o be c(-7). Suppose 149 = o*l - 3*q + 25, 5*q + 20 = 0. What are the prime factors of l?
2, 7
Suppose r + i = -3*r + 142, -2*i + 4 = 0. What are the prime factors of r?
5, 7
Suppose -1 = -3*q + 5. What are the prime factors of 2*q*(-18)/(-12)?
2, 3
Suppose 156 + 60 = 4*u. Suppose 0 = -3*a - 0*a + u. List the prime factors of a.
2, 3
Let p = -12 - -7. Let f be 2/p - 126/10. Let c = -3 - f. List the prime factors of c.
2, 5
List the prime factors of 7*7/((-196)/(-24)).
2, 3
What are the prime factors of ((-81)/(-12) - 3)*24?
2, 3, 5
Suppose -5*a = -10, -23 - 27 = -n - 2*a. List the prime factors of n.
2, 23
List the prime factors of 438/15 - (-3)/(-15).
29
Suppose 5*f = 2*i + 734, 3*f = -0*f + 4*i + 446. Suppose -5*n + f - 1 = 0. List the prime factors of n.
29
List the prime factors of (-7 - 16/(-4))*(-16 + -2).
2, 3
Let j be ((-44)/33)/(1/(-6)). Let b be 34/10 + (-2)/5. Let r = j - b. What are the prime factors of r?
5
Suppose 0 + 3 = -3*z. Let h(i) = 6*i**3 - i**2. Let m be h(z). Let v(q) = q**3 + 7*q**2 + 9. What are the prime factors of v(m)?
3
Let x(y) = 7*y**2 + 6*y - 2. List the prime factors of x(-5).
11, 13
Let v(q) = -5*q**3 - 4*q**2 + 2*q - 5. Let h(r) = -r**3 + r**2 + r. Let n(i) = 4*h(i) - v(i). List the prime factors of n(-7).
2, 5
Suppose -5*n + 315 = -0*n. List the prime factors of n.
3, 7
Suppose 2*i = 17 - 9. List the prime factors of i.
2
Let z(q) = q**3 - q**2 - q - 1. Let t(x) = 3*x**3 - 7*x**2 - 5*x - 4. Let a(m) = -t(m) + 4*z(m). Let f be a(-2). What are the prime factors of 1/2*38 + f?
3, 7
Let o(l) = l**2 + 3*l - 14. List the prime factors of o(7).
2, 7
Let i be 2/(-8) + 21/(-28). What are the prime factors of 204/16 + i/(-4)?
13
Let m = -7 + 4. Let i = -1 - m. Suppose 2*x - 4 = i. What are the prime factors of x?
3
Suppose 6328 = 14*y + 1148. What are the prime factors of y?
2, 5, 37
Let x(z) be the first derivative of -z**4/2 - 2*z**3/3 - z**2 - 3*z + 6. What are the prime factors of x(-3)?
3, 13
Suppose w = -2*w + 30. What are the prime factors of 54/30 + 2/w?
2
Suppose a - h = 103, -3*a - h - 4*h = -349. List the prime factors of a.
2, 3
Let o(v) = -v**2 + 6*v - 6. Let c be o(4). Suppose c*q + 3*z - 138 = 0, -4*q + 2*z + 194 = -q. What are the prime factors of ((-6)/(-4))/(9/q)?
11
Let t be 3 + -5 - (3 + -1). Let a = 7 + t. Let j = 3 + a. List the prime factors of j.
2, 3
W